+ 7. Let u(v) = -5*i(v) - 6*k(v). Suppose 0 = 5*w + 19*q + 166, 8*q - 6*q + 13 = -5*w. Determine u(w).
26
Suppose -106436*y - 18 = -106439*y. Let n(x) = -2*x**2 + 13*x - 1. Determine n(y).
5
Suppose -128*b - 444 = -54*b. Let c(f) = -f**3 - 8*f**2 - 16*f - 10. Give c(b).
14
Let j(h) = h**3 - 5*h**2 + 4*h + 3. Let i = -1 + 4. Suppose 0 = -6*y + y + v + 29, 0 = -y + v + 9. Suppose -y*s + 8 = -i*s. Calculate j(s).
3
Suppose -3*w + 3*q + 27 = 0, q - 2*q - 21 = -2*w. Let s = w - 5. Let u(x) be the first derivative of -x**4/4 + 8*x**3/3 - 4*x**2 + 8*x - 2390. Determine u(s).
1
Suppose m + 29 = -k + 23, 4*k = -7*m - 27. Let j(d) = 4*d + 6. Give j(k).
-14
Let q(i) be the third derivative of -i**7/504 + i**6/720 - i**5/60 - i**2. Let u(m) be the third derivative of q(m). Let x = -73083 - -73082. Calculate u(x).
11
Let f = -1111 + 1122. Let s(l) = 7*l**2 - 77*l + 7. Calculate s(f).
7
Let o(s) be the third derivative of -s**6/120 - s**5/15 + s**4/6 - s**3/6 + 5*s**2 + 14. Determine o(-4).
-17
Let s(p) = p**3 - 6*p**2 - p + 4. Let v(t) = t**2 - 15*t + 58. Let w be v(10). Let a be (0 - w)/((-32)/24). What is s(a)?
-2
Let b(x) be the second derivative of 0 + 343*x - 1/6*x**3 + 5/2*x**2. Suppose -u = 5*q - 2*u - 26, -13 = -2*q + 3*u. Give b(q).
0
Let y(m) = -43*m + 1937. Let r be y(45). Let t(q) be the third derivative of 0*q**3 - 1/8*q**4 - 1/60*q**6 + 0 + 1/15*q**5 + 0*q - 4*q**2. Give t(r).
-6
Let u(z) = -z**3 + 9*z**2 - 6*z + 9. Suppose -4*v = 12, -5*y + 139*v = 135*v - 52. Calculate u(y).
25
Let c(u) = u**3 + 4*u**2 - 10*u + 7. Let i be c(-6). Let j(x) = 20*x + 22*x - 2 - 67*x + 22*x. Determine j(i).
13
Suppose h - 4*h = 0. Suppose -2*v + 2*o = 2*v - 56, h = -3*o. Let u be (-3)/(-7) + (-34)/v. Let k(i) = -i**2 - 2*i - 2. What is k(u)?
-2
Let n be ((-4)/(-6) - 0)*(3 + 3). Let i be 0/((n - 2/1)*-1). Let w(g) = -g + 28 - 2*g + 2*g - 32. What is w(i)?
-4
Let r(o) = -o**2 - 188*o - 185. Let m be r(-1). Let q(y) = -17*y + 37. Determine q(m).
3
Let i(a) = -a**3 - 12*a**2 - 10*a + 11. Let x(c) = 1. Let k(y) = i(y) - 2*x(y). Let p be (616/168)/(1 + 4/(-3)). Give k(p).
-2
Let y(i) = i - 1. Let x = 3 - 0. Suppose -3*q = -3*z, 5*q - x*z + 1 = q. Let k(g) = -3*g + 12. Let l(o) = q*k(o) - 4*y(o). Determine l(0).
-8
Let m(w) = -12*w**2 - 19*w - 3. Suppose -505*j + 378*j - 339 + 85 = 0. What is m(j)?
-13
Let u(x) = -2*x**2 - 16*x - 12. Let p = 1663 + -1671. Calculate u(p).
-12
Let p = 28466 + -28460. Let g(z) = -z**3 + 5*z**2 - 3*z + 12. Determine g(p).
-42
Suppose 0 = 16*z - 26 - 54. Let u(s) = s**2 - 9*s + 17. Let g be u(z). Let p(c) = -c**3 - 3*c**2 + c - 2. Give p(g).
-5
Suppose -5*a + 28 = 3. Suppose 4*t + 42 = 2*m + 12, 43 = a*m - 2*t. Let b(o) = o + m*o**2 + 10*o + 2*o**3 - o**3 - 4 - 7*o. Calculate b(-6).
8
Let h(n) = n**2 - 6*n - 20. Let q be (-2)/((-60)/27 - -2). Let d be h(q). Let j(t) = 7 + d + 50*t - 5 - 47*t. Calculate j(-6).
-9
Let v = 6019 - 6015. Suppose -2*b = -3*o + 11, -5*b - 2*o - o + 25 = 0. Let p(t) = -v*t + b*t - 9*t. Determine p(-2).
22
Suppose -508*f = -4*r - 505*f - 14, 3*f + 16 = -2*r. Let a(d) = -d**2 - 15*d - 72. Calculate a(r).
-22
Let o(k) be the second derivative of -k**4/8 - k**3/6 - k**2 + 8*k. Let g(v) be the first derivative of o(v). Let u be (-6 + 154/28)*2. What is g(u)?
2
Let d(b) = -b**2 + 9*b - 4. Suppose w = 2*r - r + 3*r - 44, 0 = 3*w. Calculate d(r).
-26
Let p(k) = -4*k - 2. Let n(q) = -11*q - 2. Let d(z) = 23*z + 4. Let a(g) = -6*d(g) - 13*n(g). Let f(h) = 5*a(h) + 6*p(h). Give f(10).
8
Let w = -46661 - -46664. Let i(f) = 3*f - 5. Let l = -5 + 3. Let x(p) = 16*p - 26. Let k(y) = l*x(y) + 11*i(y). Determine k(w).
0
Let m(z) = -2. Let o(c) = -9*c - 3*c + 6 + 11*c. Let b(i) = 3*m(i) + o(i). Calculate b(0).
0
Let q = -215 + 248. Suppose -q*s = -27*s. Let n(f) = -f**2 + 7. What is n(s)?
7
Suppose 236*o = 240*o - 112. Suppose -o = 4*d - 40. Let n(x) = -6*x - 2*x**2 + 4*x + 1 + 5*x. Calculate n(d).
-8
Let z(y) = 0*y**3 + 135548144*y**2 - 2*y - 135548146*y**2 - 2*y**3 + 3. Calculate z(-2).
15
Let n = 394 - 386. Let s(l) = 16*l**2 - 5*l + 7. Let w(x) = -47*x**2 + 14*x - 18. Let a(g) = n*s(g) + 3*w(g). Calculate a(-1).
-13
Let w = -30 - -27. Let h(s) = 2*s - 6. Let l(m) = -2*m - 4. Let y(n) = -n - 4. Let a(p) = 2*l(p) - 3*y(p). Let k(u) = 3*a(u) + 2*h(u). Determine k(w).
-3
Let y be (12*(-14)/196)/(6/42). Let f(x) = 20*x**2 + 113*x - 38. Determine f(y).
4
Let w(k) = -41*k + 166*k - 48*k - 43*k - 42*k. Suppose -2*o + 5*o - 9 = 0. Determine w(o).
-24
Let d = 33 + -30. Let n(k) = k. Let t(s) = -15*s + 11. Let f(b) = -3*n(b) - t(b). Let u(m) = -4*m + 4. Let h(z) = d*f(z) + 8*u(z). What is h(-1)?
-5
Let j(y) = 2*y + 10. Let l(m) = m**2 - 161*m + 609. Let t be l(4). Give j(t).
-28
Suppose -55*c = -53*c - 4. Let n(h) = -2*h**3 + 2*h**2 - 2*h + 8. Let u be n(c). Let y(f) = -f - 5. What is y(u)?
-1
Suppose -5*l - 3*q - 454 = 0, q - 77 = l - 3*q. Let b = -88 - l. Let o be (3 - 4)/(0 - b). Let u(d) = 4*d + 1. Determine u(o).
5
Let y(w) = 44*w**2 - w + 6. Let t(m) = 219*m**2 - 6*m + 32. Let r(g) = 2*t(g) - 11*y(g). Determine r(-1).
-47
Let y be 135/(-45)*(-1 - (-9)/3). Let m(x) be the first derivative of 1 + 1/4*x**4 + 7/3*x**3 + 5/2*x**2 - 4*x. What is m(y)?
2
Let w be ((-15)/(-21))/(-3 + (-22)/(-7)). Let x(k) = -w + 9 + 2*k - 2 - 7*k. What is x(5)?
-23
Let w(t) = -t**2 - 10*t - 6. Suppose -z = 2*z - 3024. Let g(s) = -10*s**2 + 2 + 5 - z*s + 3*s**2 + 998*s + s**3. Let y be g(8). What is w(y)?
3
Let t be (41/82)/(-1 + 37/36). Let b(a) = 12*a - 213. Calculate b(t).
3
Let r(k) = 102 + 110 + 2*k - 182. Let n be r(-12). Let g(a) be the third derivative of a**6/120 - a**5/15 - 7*a**4/24 - 7*a**3/6 + 5*a**2. What is g(n)?
23
Let s(m) = 2*m**2 - 34*m + 32. Let n(v) = -3*v**2 + 50*v - 41. Let c(d) = -5*n(d) - 7*s(d). Let j = 32 + -18. Give c(j).
9
Let c(k) = -29*k + 11. Let t(o) = -25*o + 9. Let l(i) = i**2 - 34*i - 28. Let f be l(35). Let h(w) = f*t(w) - 6*c(w). Calculate h(-12).
9
Let p(m) = m**2 - 34*m + 40. Let r be (-4 - -1) + 250/7 + 28/98. Give p(r).
7
Let o(p) = 17306*p**2 - 34610*p**2 + 17302*p**2 + 208 + 64*p. Determine o(35).
-2
Let g(s) = -14*s + 8*s**2 + 46*s + 1 - 19*s - 12*s. Let x be (-52)/(-9) - (-8)/36. Suppose -3*c - z = 0, 18 = -3*c + x*z - z. Give g(c).
8
Let r(i) be the first derivative of -110*i**3/3 - i**2/2 - 2275. Calculate r(-1).
-109
Let v(b) be the second derivative of -b**4/12 + b**3/6 - 9*b**2/2 + 29*b. Suppose -j + 12 = 5*j. Suppose 0*k = j*k. Calculate v(k).
-9
Let i(l) = 2*l - 6. Suppose 54 = 3*j + 6. Let w be (-238)/(-8) + 4/j. Suppose 13*v - 19*v + w = 0. Calculate i(v).
4
Let c be (-69)/(-18) + 11/66 - 4. Suppose -a - 5*w + 20 = c, -5*w + 7*w - 10 = 0. Let j(v) = v**3 + 6*v**2 - 2*v - 6. Give j(a).
29
Suppose 22*b - 20*b - 6 = 0. Suppose w - 6 + 3 = 0. Let j(g) = -5 + 6*g**2 - 30*g**b - w*g - 4 + 31*g**3. Calculate j(-6).
9
Let y(u) = u + 7. Let j(k) = -k**3 - 11*k**2 - 12*k - 25. Suppose -2*l + 4*l - 2 = r, -4*l + 6 = -r. Suppose 3*p + l*p + 50 = 0. Let d be j(p). Calculate y(d).
2
Suppose 0 = -256*s + 259*s + 12. Let y(g) = -2*g + 9. Let t(a) = -1. Let z(c) = -18*t(c) - 2*y(c). Calculate z(s).
-16
Let r(q) = -14*q + 1. Let j(l) = -8*l. Let i(a) = 9*j(a) - 5*r(a). Let v(d) = 8*d. Let f(g) = 3*g. Let p(b) = 11*f(b) - 4*v(b). Let x be p(-6). Calculate i(x).
7
Let v(j) = j + 4. Let r(x) = -2*x**3 - 4*x**2 + 4. Let b be r(-2). Suppose -5*p + 3 = -7, -s - b*p - 51 = 0. Let h = 54 + s. Give v(h).
-1
Suppose -4*u - 2*l = -20, 0*u + 5*l + 34 = 4*u. Let v(t) be the first derivative of t**2 - 13 - 2*t**3 - t + 1/4*t**4. What is v(u)?
11
Let h(r) = -4*r**3 + 5*r**2 + 4*r + 9. Let p(l) = 3*l**3 - 4*l**2 - 3*l - 8. Let q(g) = -6*h(g) - 7*p(g). Let f = -2872 - -2874. Determine q(f).
12
Let x be -21 + 442/16 + (-10)/16. Let g(i) = -14*i - 30. Calculate g(x).
-114
Let b(j) be the third derivative of 1/60*j**5 - 133*j**2 - 1/12*j**4 + 0 + 0*j + 5/6*j**3. Determine b(0).
5
Let c = -2068 + 2071. Let o be ((-5)/4)/(2/8). Let a = c + o. Let j(z) = -z**2 - 2*z - 1. What is j(a)?
-1
Suppose 373*g - 2366 = 5467. Let s(n) = 2*n**2 - 39*n - 57. Determine s(g).
6
Let b be (-2 - -10*4/16)*4. Suppose 0*q = -b*q - 2*m + 24, 4*m + 8 = 3*q. Let r(w) = -w**3 + 8*w**2 - w + 2. What is r(q)?
-6
Let l(t) = t - 3. Let z be (9 - 0*(-1)/(-3)) + 0. Su